the prime factors of f.
7, 37
Suppose -19*r = -3*r - 12320. What are the prime factors of r/30 + 1/3?
2, 13
Suppose i + 8 = 9. Let m be 35 - (-1 - (-2 - 1)). Suppose -b = i - m. List the prime factors of b.
2
List the prime factors of 3/6 + 76090/28.
2, 3, 151
Suppose 5*i - 12 = 3. Suppose 0 = -2*c - d + 17, i*c - d - 11 = 27. What are the prime factors of c?
11
Let o(a) = -2*a**3 - 2*a**2 + 15*a + 29. What are the prime factors of o(-7)?
2
Let h = -11 - -13. Suppose -4*u = t + 5, -h*t = 3*t + 5*u - 35. Let b = t - 5. List the prime factors of b.
2, 3
List the prime factors of ((-1)/((-3)/(-1479)))/((-8)/8).
17, 29
Let p = 1051 + -138. List the prime factors of p.
11, 83
Let v = -137 + 199. Suppose 2*b - 2*h - v = 0, 33 + 19 = 2*b + 3*h. List the prime factors of b.
29
Let a be 147 + 5/(15/6). Let v = a + -31. What are the prime factors of v?
2, 59
Let z = -9 + 28. Suppose -5*d + 174 = z. List the prime factors of d.
31
Suppose 0 = 5*y - k - 11, 5*y + 2*k + 0*k - 8 = 0. Suppose 0 = r + n - 67, 268 = 4*r - y*n - 2*n. What are the prime factors of r?
67
Let y = 18 + -18. Suppose g - 8 + 2 = y. What are the prime factors of g?
2, 3
Let n be (-9)/(-15) - 558/30. List the prime factors of (12/n)/((-2)/93).
31
Let j(c) = -2*c - 53. Let f be j(0). Let x = -22 - f. What are the prime factors of x?
31
Let q(o) = -o**3 - 15*o**2 - 8*o + 22. Let p be q(-16). Suppose -4*k - 42 + p = 0. List the prime factors of k.
7, 13
Suppose 4*s - 2000 = -5*m, 3*s = 4*m + 7*s - 1600. List the prime factors of m.
2, 5
Let m(h) = 101*h**2 - 4*h - 8. What are the prime factors of m(-5)?
43, 59
Let r(k) be the first derivative of -2*k**2 + 16*k - 2. Let a(m) = -m + 4. Let d(g) = 18*a(g) - 4*r(g). List the prime factors of d(3).
2
Let n(w) = -3*w + 7. Suppose 4*c - 3*b + 36 = 0, -5*c - 45 + 3 = -3*b. Let v be n(c). Suppose v = 4*f - 31. What are the prime factors of f?
2, 7
Suppose -114 = -d + 124. Let f = 366 - d. What are the prime factors of f?
2
Let d(v) = 2*v**3 - 14*v**2 - 2*v - 44. List the prime factors of d(11).
2, 11, 41
Let f(j) = 70*j - 347. What are the prime factors of f(33)?
13, 151
Let n(x) = x + 21. Let z be n(-13). Suppose 0 + z = -2*b. Let t(c) = -c**3 - 3*c**2 - 3*c - 3. List the prime factors of t(b).
5
Let g be 96/60*(-5)/(-2). Suppose m - g*r - 48 = 23, -r + 61 = m. What are the prime factors of m?
3, 7
Let o = -20 + 23. Suppose 2*p - 3 = 3*q, -4*p + 2*q + 7 = -o. Suppose 0*j - 60 = -2*j + p*l, -4*j = -4*l - 112. What are the prime factors of j?
2, 3
Let v(q) = q**3 + 24*q**2 - 90*q - 87. List the prime factors of v(-27).
2, 3, 13
Let g be -24*4/(-1)*117/(-208). Let d = -39 - g. List the prime factors of d.
3, 5
Let c(t) be the first derivative of -5*t**2 - 23*t + 13. What are the prime factors of c(-7)?
47
Let b = 20425 - 14060. List the prime factors of b.
5, 19, 67
Suppose -h + 53 = -0*h - 3*b, -5*b - 147 = -3*h. What are the prime factors of h?
2, 11
Let s = 3 + 1. Suppose 2*j + j + 101 = 4*t, -t = s*j - 30. List the prime factors of t.
2, 13
Suppose 4*b + 0 - 1 = 3*x, b + 2*x + 8 = 0. Let g be (b/2)/((-1)/9). Let d = g + 13. What are the prime factors of d?
2, 11
Let f(o) = 4*o**2 + 20*o. What are the prime factors of f(-6)?
2, 3
Let v = 31 - 29. Let x(o) = 65*o - 2. List the prime factors of x(v).
2
Let j(g) = -173*g - 201. List the prime factors of j(-2).
5, 29
Let n(r) = 2*r - 6. Let c be n(14). Let g = 69 - c. List the prime factors of g.
47
Suppose -2*g + 18 = -5*z - 10, 12 = 2*g - z. Suppose 4*q + g*f = 32 - 12, -3*q + 3*f - 15 = 0. Suppose q = -x + 2*x - 2. What are the prime factors of x?
2
What are the prime factors of (-66)/(-4) + -15 - (-254)/4?
5, 13
Let y(f) = 675*f**2 - 5*f + 5. List the prime factors of y(1).
3, 5
Suppose 2264 + 28 = -12*k. Let f = 295 + k. What are the prime factors of f?
2, 13
Let w(v) = -v**3 + 9*v**2 - 6*v - 3. Let t be 8 + -1 + (-2 - -2). Suppose -t = 4*i - 39. List the prime factors of w(i).
13
Let w(o) = 896*o**2 + 3*o. What are the prime factors of w(1)?
29, 31
What are the prime factors of (2 - 27/6)*(-11960)/50?
2, 13, 23
Suppose -9 = -3*d + 9. List the prime factors of (-52)/d*-3*33/6.
11, 13
Suppose 160*w - 167*w = -16163. What are the prime factors of w?
2309
Let k(t) = t**3 - 19*t**2 + 39*t + 45. What are the prime factors of k(23)?
2, 11, 139
Let x be ((-1)/3)/(7/1533). Let y = x + 118. List the prime factors of y.
3, 5
Let u = 130 + -26. Let n = u + -77. List the prime factors of n.
3
Let q = 179 - 120. Suppose q = 4*s - 3*j, -40 - 30 = -5*s + 3*j. List the prime factors of s.
11
Let g(d) = 3*d**2 + 8*d + 2024. List the prime factors of g(0).
2, 11, 23
Let c = -4513 - -8658. What are the prime factors of c?
5, 829
Let t = -51 + 84. Suppose 0 = -k - 4, 5*b + 5*k - t = 797. What are the prime factors of b?
2, 5, 17
Let m(h) = 2*h**2 - 22*h + 502. What are the prime factors of m(33)?
2, 977
Let r be -1*92/12*-3. Suppose -1 + r = v. Let n = v - -2. List the prime factors of n.
2, 3
Suppose -9*l - 924 = -6*l. Let a = -85 - l. What are the prime factors of a?
223
Let d(m) = -11*m + 1. Let i(o) = -5*o**3 - o. Let j be i(1). Let l = j + 5. List the prime factors of d(l).
2, 3
Let t = -6 - 32. Suppose -76 = -j - 2*f, 4*j + 2*f - 137 = 143. Let q = j + t. List the prime factors of q.
2, 3, 5
Let a = 158 + 89. Suppose -5*h = 7 - a. Suppose -4*x = -3*m + 6*m - h, x = -3*m + 3. List the prime factors of x.
3, 5
Let f(k) = 100*k**2 - 3*k - 55. What are the prime factors of f(5)?
2, 3, 5
Suppose 12*q = 8130 + 21474. What are the prime factors of q?
2467
Suppose 5*f + 3*c - 13403 = 0, 28*f + 4*c - 13404 = 23*f. List the prime factors of f.
2, 5, 67
Suppose -10*n = -27 - 13. Suppose n*r - 307 = 681. List the prime factors of r.
13, 19
List the prime factors of (9 + -11 + 278*-1)/(-1).
2, 5, 7
Let g(h) = h**2 + h - 1. Let f(u) = 3*u**2 - 2*u + 12. Let i(c) = f(c) + g(c). What are the prime factors of i(-4)?
79
Let m(c) be the first derivative of c**4/4 + 2*c**3 - 4*c**2 + c - 2. Let x be m(-7). Suppose -x*p + 204 = -2*p. List the prime factors of p.
2, 17
Let q be (3/6)/((-2)/56). Let j = q - -17. List the prime factors of j.
3
Suppose -2*v = -3*c - 65, 5*c - 2*v + 4*v = -119. Let a = -19 - c. Suppose 2*x = 3*l - x - 12, a*l - x = 28. List the prime factors of l.
2
Let c = 55 - 53. List the prime factors of ((-56)/6)/(-1*c/9).
2, 3, 7
Let n(x) = x**3 - x**2 - 3*x + 142. List the prime factors of n(0).
2, 71
Let s be -2 - 1/(3/(-39)). Suppose s + 5 = -i. Let c = i - -33. List the prime factors of c.
17
Suppose p + 5*s = 133 + 110, 661 = 3*p - 2*s. What are the prime factors of p?
223
Let r = -8839 + 12736. What are the prime factors of r?
3, 433
Suppose 4793 - 1721 = 6*b. What are the prime factors of b?
2
Let d = 26 - 1. Suppose -28*o = -2*o + 338. Let q = d + o. What are the prime factors of q?
2, 3
Suppose 2*l + 2*n - 230 = 0, -4*n = 4*l - 5*n - 435. List the prime factors of l.
2, 5, 11
Suppose -4*v - 5*v = 360. Let d = 75 + v. List the prime factors of d.
5, 7
Let z = 23 + 67. Suppose -30 = -r + b + 4*b, 3*r - z = -b. List the prime factors of r.
2, 3, 5
Let d be 55/2*56/(-35). List the prime factors of 7/((-42)/(-150))*d/(-10).
2, 5, 11
Suppose -147*z = -89*z - 325496. List the prime factors of z.
2, 23, 61
Let q = -114 + 388. List the prime factors of (q/4)/((-2)/(-4)).
137
Let k = 1 - -8. Suppose 2*j + 210 = k*j. What are the prime factors of j?
2, 3, 5
Suppose 4*r - 1906 = 190. List the prime factors of r.
2, 131
Suppose -9*x = 42*x - 45645. List the prime factors of x.
5, 179
Let k be ((-5)/(-4))/((-4)/(-16)). List the prime factors of 1 - k - (-73 - -4).
5, 13
Suppose -5*u + 6*i - 2*i = -14614, -4*u - 2*i + 11712 = 0. What are the prime factors of u?
2, 7, 11, 19
Suppose 2*w - 627 = -4*t - 2147, 5*t = -3*w - 1902. What are the prime factors of (t/(-36))/(3/16)?
2, 7
Let z = 57 + -50. Suppose 0 = 4*u - z - 29. List the prime factors of u.
3
Let b(c) = -c**2 - 11*c - 12. Let g be b(-10). Suppose -h + 2 = -2*h. List the prime factors of (g/(h/13))/1.
13
List the prime factors of (-394179)/(-413) + (-1)/((-7)/(-3)).
2, 3, 53
List the prime factors of ((-20)/75*126)/(1/(-20)).
2, 3, 7
Let i = 5 + -95. Let y be (-2)/4*i/(-5). What are the prime factors of (-94)/(-3) - 6/y?
2
Suppose -2*o + 0 = -70. Suppose 2